e the second derivative of r**4/12 - r**3/3 + 17*r**2/2 + 31*r - 3. Suppose 4*i + 0*i = 36. What is the tens digit of l(i)?
8
Let l(j) = -j**2 + 18*j - 4. Let x be l(18). Let a be (7/14)/(x/32). What is the tens digit of 1 - a - (-136)/4?
3
Suppose 3*v - 1264 - 4086 = -h, 3*h - v - 16080 = 0. Suppose h = 21*n + 697. What is the hundreds digit of n?
2
Suppose -16*o - 18996 + 118564 = 0. What is the thousands digit of o?
6
Let v(q) be the first derivative of -q**4/4 - 7*q**3/3 - 11*q**2/2 - 3*q + 14. Let d be v(-5). Suppose 4*t = d*t + 156. What is the units digit of t?
8
Let g(s) = -2*s + 24. Let q be (-16)/40 - 54/(-10). Let r be 1 - (10/8 + q/(-20)). What is the units digit of g(r)?
4
Suppose 9*g + 4*o - 21366 = 4*g, 3*g + o = 12814. Suppose 218 = 4*s - g. What is the thousands digit of s?
1
Let u(d) be the third derivative of d**5/12 + 37*d**4/6 + 6*d**3 - 67*d**2. What is the units digit of u(-36)?
8
Let v(g) = 337*g + 12503. What is the ten thousands digit of v(0)?
1
Let k = 21594 + -8019. What is the units digit of k?
5
Suppose -3 = -8*v + 29. Suppose v*t = 6*t - 1792. What is the units digit of t?
6
Suppose -4*i + 3*m = -6449, 3*i + 25*m - 20*m = 4844. What is the units digit of i?
3
Suppose 0 = 357*u + 110004 - 739395. What is the units digit of u?
3
Let t(s) = s**3 + 15*s**2 + 15*s - 2. Let k be t(-13). Let c = k - -10. Suppose -4*o = c - 475. What is the units digit of o?
1
Let d = -1603 + 1762. What is the tens digit of d?
5
Let b be (-12)/(7/((-21)/6)). Suppose -3*z + 60 = -b. Suppose -j = -z - 5. What is the tens digit of j?
2
Suppose -2*i - 5*g = -18980, 6*i - 2*g = 3*i + 28432. What is the hundreds digit of i?
4
Suppose 5 = m, -11*s + 2*m - 40154 = -13*s. What is the hundreds digit of s?
0
Let p be (-15)/6*(-24)/15 - -8. Suppose 3*h - p = 0, -10*h = 4*d - 15*h - 2656. What is the hundreds digit of d?
6
Suppose 26*x - 805 = 3*x. Let w(v) = v**2 - 21*v + 64. What is the units digit of w(x)?
4
Suppose -131 + 11 = -8*l. Suppose -l = 3*q + 2*q, -431 = -4*w + 5*q. What is the units digit of w?
4
Let b = -151 + 161. What is the units digit of -4*2/(-40) - (-4198)/b?
0
Suppose -7*s = -39 - 45. Suppose 3*y + t + 3*t - s = 0, -4*t = 0. Suppose 2*m - y*m - 669 = -5*h, -5*h - m + 678 = 0. What is the tens digit of h?
3
Let h(c) = 4*c**2 + 3*c - 2. Suppose 30 = 12*m - 9*m. Let p be ((-15)/30)/((-1)/m). What is the units digit of h(p)?
3
What is the hundreds digit of (-353976)/210*(14/(-4) - 9/6)?
4
Let u be 530/7 + -7 + (-306)/(-42). Let b(k) = u - 2*k**2 + 0*k**2 + 4*k**2 - 9*k - 33. What is the tens digit of b(10)?
5
What is the units digit of 2 + ((-1)/((-6)/2854))/((-153)/(-3213))?
1
Let r = -3158 - -4904. What is the hundreds digit of r?
7
Let u(f) = -4*f**3 + 6*f**2 + 32*f - 18. Let b be u(-11). Suppose 7*s - 11*s = 16, 5*z - 5*s = b. What is the tens digit of z?
3
Let r(b) = -13*b**2 + 4*b - 2. Let h be r(2). Let s = 163 - h. Let g = 348 - s. What is the hundreds digit of g?
1
What is the hundreds digit of (16/(-136) + (-234)/34)/(11/(-32659))?
7
Suppose 3*i - 229 = -241. What is the tens digit of (-3 + 2 + 0)/(i/444)?
1
Suppose 0 = 5*r - 2*h + 3*h + 24, 0 = -r + h. Let o be (-4015)/(-35) - r/14. Suppose 6*l = 65 + o. What is the tens digit of l?
3
Let h = -5 + 9. Let y be ((-27)/6)/((153/216)/(-17)). What is the units digit of (h/6)/(8/y)?
9
Let o be -44*(0 - 3 - (-10)/4). Let h(t) = t**2 - 21*t - 16. Let f be h(o). Suppose f*w = 8*w - 36. What is the tens digit of w?
1
Suppose -21*a - 42081 = 18*a. Let u = a - -1718. What is the hundreds digit of u?
6
Suppose -3*t - 3*w + 2204 = -6049, 4*t + 5*w = 11000. Let l = t - 1338. What is the units digit of l?
7
Let w(a) = a**2 - 9*a. Suppose s + 2 = y, 2*y + 4 = -3*s + 7*s. Let r be w(y). What is the tens digit of (r/8)/((-12)/320)?
6
Suppose 4*y + 4*m = 44696, -y + 806 = 2*m - 10366. What is the hundreds digit of y?
1
Let s be 6598/10 + (-2)/(-10). Suppose 24*a = 23*a - o + 50, 2*o = 4. Suppose 42*k + s = a*k. What is the tens digit of k?
1
Suppose 0 = -d + 788 - 658. Let m = 561 - d. What is the tens digit of m?
3
Let g(k) = -26 + 61 - 11 - 85*k. What is the thousands digit of g(-12)?
1
What is the thousands digit of (9508 + 2 - -5) + -13?
9
Suppose u + 39375 = 46*u. Suppose u = 3*r - 580. What is the hundreds digit of r?
4
Let u(s) = s**3 + 18*s**2 - 10*s + 211. Let a be u(-16). Let f = -382 + a. What is the units digit of f?
1
Suppose -5*s - 36 = 5*m - s, m - 12 = 4*s. Let b(v) = 6*v**2 + 11*v + 27. What is the tens digit of b(m)?
7
Let t = 61440 + -122244. What is the thousands digit of (t/(-135))/((-4)/(-10))?
1
Suppose 3*u - 1152 = 15*u. Let t = u - -92. Let d(b) = -b + 45. What is the units digit of d(t)?
9
Suppose -w + 27074 = z, -4*z + 292*w - 289*w + 108324 = 0. What is the ten thousands digit of z?
2
Suppose -3*i = -6*i. Let y = 1282 + -1242. Suppose -y*t + 33*t + 1078 = i. What is the units digit of t?
4
Let s be (-2)/(-6)*2*-3. Let z be (-30)/(-4) + (-1)/s. What is the tens digit of 3/(z/(-8)*2/(-82))?
2
Suppose 20*s - 18354 = 39*s. What is the hundreds digit of ((-23)/(s/144))/((-2)/(-371))?
6
Let l = -443 - -551. Let h(j) = 4*j + 2. Let p be h(3). Let k = l + p. What is the tens digit of k?
2
Suppose -2*q + 209 = h - 5*q, 2*h + 4*q = 468. Let o = 400 - h. What is the units digit of o?
6
Suppose 0 = -x + 2*r + 3, 7*x = 12*x + 4*r + 55. What is the units digit of 103 + 2 + (11 - 6) + x?
3
What is the thousands digit of (-1998 - -4)*(-221)/34?
2
Suppose 5*w - f = 10006, f = w - f - 1994. Suppose 8*z - 8866 + w = 0. What is the hundreds digit of z?
8
Let w = -39 - -43. Let c be ((-10016)/(-20))/w - (-2)/(-10). Suppose -64*l + 59*l + c = 0. What is the units digit of l?
5
Let q be -85 + (9/(-18)*22 - -9). Suppose 6*b - 4*b = 264. Let r = b + q. What is the tens digit of r?
4
Let u = 59 - 56. Let s be (-1 - -1) + (u - -377). Suppose -5*t = -0*t - n - 984, 2*t - s = -3*n. What is the units digit of t?
6
What is the thousands digit of 11598*(24*(-9)/(-36))/6?
1
What is the ten thousands digit of (-529)/(-6 - (-149)/25) + -10?
1
Suppose 0 = 2*g - 21*j - 82097, -2*g + 61276 = 4*j - 20846. What is the tens digit of g?
5
Suppose 6*n - 52471 = -1897. What is the tens digit of n?
2
Let f(v) = 9*v**3 - 5*v**2 + v + 6. Let h be f(3). Suppose 4*c + 11 = -4*m - 1, 0 = -4*c - 2*m - 6. Suppose 7*y + 2*y - h = c. What is the tens digit of y?
2
Let u = 9723 + 20235. What is the thousands digit of u?
9
Suppose -5*g + q = -15391, 0 = 4*g + 3*q - 1016 - 11293. Suppose g = 52*t - 46*t. What is the hundreds digit of t?
5
Let u = 6011 - -11548. What is the hundreds digit of u?
5
Let t = -441 + 529. What is the units digit of (-1054)/(-2) + t/(-22)?
3
Let a = 17 - 14. Suppose 4*y = -d + 22, 0*y + a*d - 1 = y. Suppose 4*q = y*k + 195, 5*q + k = -k + 285. What is the tens digit of q?
5
Suppose 0 = 16*k - 33653 - 33339. What is the hundreds digit of k?
1
Let j = -14 - -25. Let i(d) = -d**2 + 11*d - 5. Let u be i(j). Let h = u - -35. What is the tens digit of h?
3
Let i be (-7 + 7)/((-2)/(-2)). Suppose i = c + 4, c + 337 = 3*k - 0*c. What is the tens digit of k?
1
Let t(g) = -256*g - 3. Let a = 55 - 58. Let o be t(a). Suppose 0 = -12*i + 7*i + o. What is the hundreds digit of i?
1
Let s(r) = -3*r - 7. Let n be s(-4). Suppose -b + g + 1131 = 2*b, -377 = -b - 3*g. Suppose 5*o - n*a - b = -2*a, -3*o + 215 = a. What is the units digit of o?
3
Let y(h) be the first derivative of 11*h - 6*h + 2 + 13 - 3*h - 14*h**2. What is the tens digit of y(-3)?
8
Let h = 113 + -105. Suppose -h = -2*l - 14, 5*m - 5*l - 45 = 0. Let y(o) = 6*o**2 - 17*o - 1. What is the hundreds digit of y(m)?
1
Let r(g) = -g**2 - 5*g + 20. Let f be r(-7). Let m be 2/f*(2 + 10). Suppose 0 = m*d - 111 - 205. What is the units digit of d?
9
Suppose -4*v + 4*c = -1132, 4*c + 200 = v - 89. Suppose v*l - 276*l - 1495 = 0. What is the units digit of l?
9
Let i = 35 + -29. Suppose v = -4*s + 188, 2*s - i = -0. Suppose 5*y = -5, -3*h + 2*y = -0*y - v. What is the tens digit of h?
5
Suppose 7*h - 12*h - 99552 = -8*h. What is the units digit of h?
4
Suppose 114*m - 2083 = 113*m. Let c = m + -374. What is the thousands digit of c?
1
Suppose -4*v = -6*v + 28. Let s be (((-5352)/v)/2)/(9/(-63)). What is the units digit of (-1)/5 + -3 + s/15?
6
Let b = -1